{"id":8,"date":"2023-02-23T17:29:32","date_gmt":"2023-02-23T17:29:32","guid":{"rendered":"https:\/\/raratheme.com\/preview\/construction-landing-page\/?page_id=8"},"modified":"2023-02-23T17:29:32","modified_gmt":"2023-02-23T17:29:32","slug":"home","status":"publish","type":"page","link":"https:\/\/bramsec.pl\/bramy-szybkobiezne\/","title":{"rendered":"Bramy szybkobie\u017cne \u2013 idealne rozwi\u0105zanie dla r\u00f3\u017cnych \u015brodowisk pracy"},"content":{"rendered":"<ul>\n<li>szybkie otwieranie i zamykanie<\/li>\n<li>oszcz\u0119dno\u015b\u0107 czasu<\/li>\n<li>obni\u017cenie koszt\u00f3w energii<\/li>\n<li>kontrola klimatu w pomieszczeniu<\/li>\n<li>idealne dla przemys\u0142u spo\u017cywczego, do ch\u0142odni i mro\u017ani, do sterylnych pomieszcze\u0144<\/li>\n<\/ul>\n","protected":false},"excerpt":{"rendered":"<p>szybkie otwieranie i zamykanie oszcz\u0119dno\u015b\u0107 czasu obni\u017cenie koszt\u00f3w energii kontrola klimatu w pomieszczeniu idealne dla przemys\u0142u spo\u017cywczego, do ch\u0142odni i &hellip; <\/p>\n","protected":false},"author":1,"featured_media":218,"parent":0,"menu_order":0,"comment_status":"closed","ping_status":"closed","template":"template-home.php","meta":{"footnotes":""},"class_list":["post-8","page","type-page","status-publish","has-post-thumbnail","hentry"],"_links":{"self":[{"href":"https:\/\/bramsec.pl\/bramy-szybkobiezne\/wp-json\/wp\/v2\/pages\/8","targetHints":{"allow":["GET"]}}],"collection":[{"href":"https:\/\/bramsec.pl\/bramy-szybkobiezne\/wp-json\/wp\/v2\/pages"}],"about":[{"href":"https:\/\/bramsec.pl\/bramy-szybkobiezne\/wp-json\/wp\/v2\/types\/page"}],"author":[{"embeddable":true,"href":"https:\/\/bramsec.pl\/bramy-szybkobiezne\/wp-json\/wp\/v2\/users\/1"}],"replies":[{"embeddable":true,"href":"https:\/\/bramsec.pl\/bramy-szybkobiezne\/wp-json\/wp\/v2\/comments?post=8"}],"version-history":[{"count":0,"href":"https:\/\/bramsec.pl\/bramy-szybkobiezne\/wp-json\/wp\/v2\/pages\/8\/revisions"}],"wp:featuredmedia":[{"embeddable":true,"href":"https:\/\/bramsec.pl\/bramy-szybkobiezne\/wp-json\/wp\/v2\/media\/218"}],"wp:attachment":[{"href":"https:\/\/bramsec.pl\/bramy-szybkobiezne\/wp-json\/wp\/v2\/media?parent=8"}],"curies":[{"name":"wp","href":"https:\/\/api.w.org\/{rel}","templated":true}]}}